 58. What is the remainder when q is divided by u?
9
Let r(f) = -8 - 26*f + 7 - f**2 + 26 + 15. Let v be ((-3)/18*-10)/((-6)/90). Calculate the remainder when r(v) is divided by 17.
14
Let r be 16/104 - 1*72/(-39). Suppose r*a - 2 - 30 = 0. Calculate the remainder when 62 is divided by a.
14
Suppose -612 = -2*b - 0*f - 4*f, -2*f = -2. Let w = b - 288. What is the remainder when 30 is divided by w?
14
Let r be (-678)/22 - ((-40)/44)/(-5). Let f(n) = n**3 + 30*n**2 - 30*n + 37. Calculate the remainder when 25 is divided by f(r).
1
Suppose 0 = -4*v + i + 435, 0*i = -3*v + i + 327. Suppose 10*b - v = -2*b. Calculate the remainder when 2/(((-6)/(-16))/3) is divided by b.
7
Suppose 76 = 5*o + 5*d - 4, 4*o + 5*d = 69. Let z(n) = n**3 - 6*n**2 + 2*n + 78. Calculate the remainder when z(7) is divided by o.
9
Suppose -d = 3*q - 27, 2*d - 2*q - 43 + 5 = 0. Calculate the remainder when (-21)/(28/(-42) + 5/d) is divided by 27.
22
Let m = -28686 - -28762. What is the remainder when 2204 is divided by m?
0
Suppose -2*l + 25 = -53. Let d = l + -2. Suppose -5*a = -n + 28, 9*a = -n + 3*n - 60. What is the remainder when n is divided by d?
11
Let k(i) = 347*i**3 + i**2. Let g be k(1). Suppose -x + 4*x - g = 0. What is the remainder when x is divided by 20?
16
Suppose 0 = -21*z + 19*z - 4*p + 42, 4*p = z - 33. Suppose 3*j + 45 = 7*x - 4*x, -51 = -3*x + j. What is the remainder when z is divided by x?
7
Let g = 339 - -107. What is the remainder when g is divided by (-3068)/(-590) - 54/(-30)?
5
Suppose -8 = -7*n + 3*n. Let u be (46 - -1)*(-1 + 0 + n). Suppose -d + 70 = -u. Calculate the remainder when d is divided by 10.
7
Let a be ((27/12)/(-3))/((-6)/456). Suppose -2*d - a = -4*w - 99, -d - 2*w + 13 = 0. Let m = -59 - -109. Calculate the remainder when m is divided by d.
16
Let y(w) = -w**3 - 10*w**2 + 12*w - 7. Let i be y(-13). Let g = i + -303. Let r = 15 - -7. What is the remainder when g is divided by r?
19
Suppose 20*y - 3*h + 258 = 22*y, 4*h = 4*y - 536. Calculate the remainder when 641 is divided by y.
113
Let h(z) = -14309*z**3 - 25*z**2 - 23*z + 2. What is the remainder when h(-1) is divided by 15?
14
Suppose 0 = 64*n - 209 - 6127. Let p(i) = 17*i**3. Calculate the remainder when n is divided by p(1).
14
Calculate the remainder when (21/(-27))/(15/(-45))*135 is divided by 50.
15
Let f = -4841 - -4868. What is the remainder when 4481 is divided by f?
26
Let v be 57/342 + (-2390)/12. Let j = v + 255. What is the remainder when j is divided by 29?
27
Let u(m) = -m**2 + 4*m + 16. Let g be u(6). Suppose g*o - 4*j - 284 = 0, -3*j + 63 = o - 0*j. Calculate the remainder when o is divided by 8.
5
Suppose 82634 = -11*y + 18*y - 116607. What is the remainder when y is divided by 16?
15
Let w be ((-68)/102)/((-2)/129). Calculate the remainder when 206 is divided by w - -2*1/(-10)*5.
38
Let g = -110 - -116. Calculate the remainder when g/((-12)/10) - -401 is divided by 57.
54
Suppose 165 = 3*j + 1628*c - 1631*c, 0 = -2*j - 4*c + 116. What is the remainder when 58 is divided by j?
2
Suppose -5*m = -4*c - 9 + 129, -5*m - 20 = 0. What is the remainder when 1468 is divided by c?
18
Let u(r) = -r**2 - 12*r - 24. Calculate the remainder when (7 + -1)/(((-60)/(-55))/4) is divided by u(-8).
6
What is the remainder when 169 is divided by 4296/88 + -9 - -4*(-2)/(-44)?
9
Suppose -14*y - 84*y = 4*y - 795498. Calculate the remainder when y is divided by 10.
9
Suppose 14*a - 2688 = 42*a. Let x = -82 - a. What is the remainder when 39 is divided by x?
11
Suppose 0 = -2*d - f + 432, 5*d + 68*f = 69*f + 1066. Calculate the remainder when 649 is divided by d.
7
Suppose -v + 31 = -83. Calculate the remainder when v is divided by (-169)/(-6) - -1 - ((-140)/24 + 6).
27
Calculate the remainder when (2/(-2))/(45/(-22050)) is divided by 8.
2
Let u be (-1)/(-2) + (-31)/(-2). Let g = -186 + 163. Let s = u - g. Calculate the remainder when s is divided by 21.
18
Suppose 24*t + 7*t - 15*t - 440448 = 0. Calculate the remainder when t is divided by 63.
60
Let o = -1038 + 1050. What is the remainder when 270 is divided by o?
6
Let h(x) be the second derivative of x**4/2 + 5*x**3/2 + 8*x**2 - 67*x. Calculate the remainder when h(-7) is divided by 16.
13
Let u = 13271 + -13139. Calculate the remainder when u is divided by 27.
24
Suppose 5*r - 20 = 3*r. Suppose 2*u - r = -0*u. Suppose -u*b + b = -224. What is the remainder when b is divided by 29?
27
Let f = -14455 - -14497. What is the remainder when 978 is divided by f?
12
Let a = -3744 + 3575. Suppose -6*c + 761 = 3*l - 4*c, l - 255 = -c. Let g = l + a. Calculate the remainder when g is divided by 17.
14
Let d(q) = -25*q + 113. Let v be 60/(-330) + (-92)/(-22). Calculate the remainder when 150 is divided by d(v).
7
Suppose -5*i - 3*k + 265 = 0, 60 + 15 = i + 5*k. Calculate the remainder when 298 is divided by i.
48
Let c = -134 + 312. Let o = c + -143. Calculate the remainder when o is divided by 15.
5
Let o(m) = 10*m - 10. Let v be o(6). Let b = -47 + v. Suppose 2*j = -b*j + 175. Calculate the remainder when 66 is divided by j.
31
Let t = -258 + 265. Suppose 0 = -8*x + t*x + 5*b + 40, 4*x = 4*b + 80. Calculate the remainder when 41 is divided by x.
11
Let b = 34223 + -34191. Calculate the remainder when 10047 is divided by b.
31
What is the remainder when 164 is divided by (-1672)/(-770) + (-8)/5 + (-101)/(-7)?
14
Let o(m) be the third derivative of 5*m**4/12 + 103*m**3/6 + 9*m**2 - m. What is the remainder when 36 is divided by o(-9)?
10
What is the remainder when (-330792)/(-378) - 64/(-72) is divided by 35?
1
Suppose -y + 4*b = -1352, -2324 = -2*y + b + 359. Calculate the remainder when y is divided by 61.
59
Suppose 5*d - 800 = d. Suppose 2*v - d = -2*v. Let i(p) = p**3 - 2*p**2 + 7*p - 13. What is the remainder when v is divided by i(3)?
16
Calculate the remainder when 63 is divided by (-16)/(-2) - 36/(-2) - -2.
7
Suppose -129*i + 484 = -2534 - 17622. Calculate the remainder when 465 is divided by i.
145
Calculate the remainder when -12*(-8 + -39 + 40/(-10)) is divided by 155.
147
Suppose 5260 = 258*t - 253*t. Let y = t - 636. What is the remainder when y is divided by 60?
56
Let b = -60 - -50. Let t be (-8 + 3)*b/25. Suppose 0 = t*a + 2*n - 3*n - 51, 0 = -4*a + 5*n + 117. Calculate the remainder when 43 is divided by a.
20
Let t = 1553 + -1507. Suppose 0 = 3*x - 48. Calculate the remainder when t is divided by x.
14
Let u(k) = -3*k - 22. Let x be u(-9). Suppose -x*b + 3*b + 30 = 0. What is the remainder when (-1)/(0 + -3) + 86/3 is divided by b?
14
Suppose -2*o - 4*t = -44, 0 = 2*o - 4*t - 5 - 7. Calculate the remainder when (-12)/(-28) - (-1604)/o is divided by 36.
7
Suppose 3*y - 9 - 6 = 0. Suppose 0*c - y*c = -135. Suppose 35*x + 24366 = 166*x. Calculate the remainder when x is divided by c.
24
Suppose -3*l - 2*d = -75, 3*d + 3 + 22 = l. Suppose 0 = 3*z + 5*x - 85, -26*x + l*x - 39 = -z. Calculate the remainder when z is divided by 34.
1
Let c = -17 - -31. Let b(r) = -528*r + 553. What is the remainder when b(1) is divided by c?
11
Let z(w) = w**2 - 7*w - 5. Let h be z(8). Let a(x) = -x**3 - 6*x**2 + 5*x - 10. Calculate the remainder when 9/(0 + -2 + h) is divided by a(-7).
1
Let j(c) = -3*c + 13. Let f be j(-7). Suppose 0 = -v - z + f, -3*v + 10 = -2*z - 67. Let i = 20 - 5. Calculate the remainder when v is divided by i.
14
Let m(j) = -2*j**2 - 15*j + 1. Let y be m(-8). Let z be ((-4)/6)/(y/(10038/(-4))). Let a = -90 - z. Calculate the remainder when a is divided by 15.
14
Let h = 13 + -9. Suppose -1216 = -22*y - 160. Suppose 203*l = 209*l - y. Calculate the remainder when l is divided by h.
0
Suppose 798 - 558 = 5*q. What is the remainder when 395 is divided by q?
11
Let b(a) = -10*a - 496. Calculate the remainder when b(-74) is divided by 11.
2
Let o(h) = -8*h - 323. Let k = -934 + 890. Calculate the remainder when 45 is divided by o(k).
16
Calculate the remainder when (-177)/413 - (-816)/42 is divided by (-6)/(-15) - (-28)/5.
1
Let v = 139 + -138. What is the remainder when v*8/(-6)*(-39087)/1212 is divided by 24?
19
Suppose 2*u - 2*t - 52 = 0, 3*u = 5*u - 4*t - 62. Calculate the remainder when ((-21)/14)/((-3)/7 + 930/2268) is divided by u.
18
Let m = -36 + 73. Suppose 7*y + 9 = m. Calculate the remainder when 47 is divided by